{"id":135,"date":"2025-07-13T13:57:02","date_gmt":"2025-07-13T13:57:02","guid":{"rendered":"https:\/\/livzatemel.com\/?page_id=135"},"modified":"2025-07-13T13:57:02","modified_gmt":"2025-07-13T13:57:02","slug":"etkinlik-ve-proje-yonetimi","status":"publish","type":"page","link":"https:\/\/livzatemel.com\/index.php\/etkinlik-ve-proje-yonetimi\/","title":{"rendered":"Etkinlik ve Proje Y\u00f6netimi"},"content":{"rendered":"\n<ul class=\"wp-block-list\">\n<li>Fuar, bayi toplant\u0131s\u0131, toplant\u0131, a\u00e7\u0131l\u0131\u015f gibi organizasyonlar\u0131 planlay\u0131p y\u00f6netmek<\/li>\n\n\n\n<li>Belirlenen hedef ve planlara uygun pazarlama ileti\u015fim etkinlikleri, sponsorluk ve sosyal sorumluluk projeleri \u00f6nermek<\/li>\n\n\n\n<li>Sekt\u00f6r\u00fc ve markay\u0131 ilgilendiren zirve, seminer, \u00f6d\u00fcl, akademik ve resmi etkinlikleri takip ederek firmay\u0131 bilgilendirmek ve y\u00f6nlendirmek<\/li>\n\n\n\n<li>Fabrika gezisi, bas\u0131n toplant\u0131s\u0131 ve lansman gibi medya odakl\u0131 t\u00fcm etkinlikleri planlamak <em>(Baz\u0131 etkinlikler event ajans\u0131 ile koordineli y\u00f6netilebilir.)<\/em><\/li>\n<\/ul>\n","protected":false},"excerpt":{"rendered":"","protected":false},"author":1,"featured_media":0,"parent":0,"menu_order":0,"comment_status":"closed","ping_status":"closed","template":"","meta":{"footnotes":""},"class_list":["post-135","page","type-page","status-publish","hentry"],"_links":{"self":[{"href":"https:\/\/livzatemel.com\/index.php\/wp-json\/wp\/v2\/pages\/135","targetHints":{"allow":["GET"]}}],"collection":[{"href":"https:\/\/livzatemel.com\/index.php\/wp-json\/wp\/v2\/pages"}],"about":[{"href":"https:\/\/livzatemel.com\/index.php\/wp-json\/wp\/v2\/types\/page"}],"author":[{"embeddable":true,"href":"https:\/\/livzatemel.com\/index.php\/wp-json\/wp\/v2\/users\/1"}],"replies":[{"embeddable":true,"href":"https:\/\/livzatemel.com\/index.php\/wp-json\/wp\/v2\/comments?post=135"}],"version-history":[{"count":1,"href":"https:\/\/livzatemel.com\/index.php\/wp-json\/wp\/v2\/pages\/135\/revisions"}],"predecessor-version":[{"id":136,"href":"https:\/\/livzatemel.com\/index.php\/wp-json\/wp\/v2\/pages\/135\/revisions\/136"}],"wp:attachment":[{"href":"https:\/\/livzatemel.com\/index.php\/wp-json\/wp\/v2\/media?parent=135"}],"curies":[{"name":"wp","href":"https:\/\/api.w.org\/{rel}","templated":true}]}}